46 + 43 - o*k + 3*k + 2*k. Determine j(0).
-3
Suppose -35*v + 28*v = 18*v + 75. Let f(l) = l**3 + 3*l**2 + 2*l - 3. Calculate f(v).
-9
Let d(u) = -4053792 - u + u**2 + 4053791 + 2*u**2. Suppose 0 = -w - 3*w - 4. Calculate d(w).
3
Let h be (1 - -8) + (-1 - 1). Suppose -3*y - 6 = 3*a, 16*a = 14*a - 4*y - 8. Suppose a = -o + 11 - h. Let u(r) = r**2 - 3*r - 2. Give u(o).
2
Suppose -i = -u + 1, 2*i + 4*u = -i + 18. Let o(d) = 57630 - 57632 + 2*d**i + 0*d**2 - 3*d. Give o(-3).
25
Let v(i) = -644*i - 9 + 656*i + 2*i**2 + 4*i**2 + 10. Determine v(-2).
1
Let m(w) = 3*w**2 - 53*w + 50. Let j(s) = 16*s + 183. Let o be j(-11). Let p(r) = r**2 - 17*r + 16. Let z(n) = o*p(n) - 2*m(n). Determine z(10).
-18
Suppose -7*s - 21 = 12 + 9. Let j(y) = 5*y**3 + y**3 + 5*y**2 - 4*y + 4*y**3 - 9*y**3 + 2. Give j(s).
-10
Let w(l) be the third derivative of -l**6/120 - 13*l**5/60 - 2*l**4/3 - 41*l**3/6 + 1113*l**2. Determine w(-12).
7
Suppose -29 = 254*h - 283*h. Let j(l) = 58*l**2 + 2*l + 1. Give j(h).
61
Suppose -3*g = -4*g + 7. Let w(h) = -53*h**2 - 96*h - 30. Let v(n) = -3*n**2 - 5*n - 2. Let i(d) = 18*v(d) - w(d). Determine i(g).
-13
Let t be -3*(3 + 6/(-3)). Let m(i) be the second derivative of -2*i**2 + 40*i + 1/3*i**3 + 0 - 1/20*i**5 + 0*i**4. Calculate m(t).
17
Let f(l) = 8649*l**2 + 26*l - l**3 - 8636*l**2 - 46 + 54. Give f(15).
-52
Let g(r) = 2*r - 12. Suppose 10*m - 343 = 11*m - u, 4*m + 1379 = -3*u. Let v be 3/(-4) - 4730/m. Calculate g(v).
14
Suppose 45*j - 53*j + 144 = 0. Let p(n) = 77*n**2 - 5*n - j*n**2 - 27*n**2 - n**3 - 26*n**2 + 2. What is p(3)?
14
Let j(p) = 2. Let w(q) = -q + 9. Let t(c) = -2*c + 8. Let f(g) = -4*t(g) + 5*w(g). Let d(s) = -f(s) + 6*j(s). Calculate d(-1).
2
Suppose -6*q + 5*q = -8. Let v(h) = 4 + 2 + 4 + 655*h - 667*h + h**2 + 1. Give v(q).
-21
Suppose 16*i - 15*i + 25 = 3*j, 7*i = 4*j - 39. Let h(n) = n + 1. Let f(r) = -r - 2. Let o(t) = 5*f(t) + 4*h(t). Calculate o(j).
-14
Let j = -252 - -257. Suppose -2*i - 12*w = -17*w + 24, j*w = -2*i + 16. Let t(a) be the first derivative of -a**4/4 - a**3 - 2*a**2 - 2*a + 2. Give t(i).
2
Let l(p) be the second derivative of 2*p**3/3 + 3*p**2 + 15*p + 1. Suppose -29*x = -30*x + 6. What is l(x)?
30
Let o(y) = -1066*y**2 - 11*y + 0*y - 14 + 1055*y**2 + y**3. Suppose 310 = 5*r + 250. Calculate o(r).
-2
Let i be ((56 + 4)/6)/(-12)*(10 - 16). Let k(s) = -33*s - 8. Calculate k(i).
-173
Let f(g) be the third derivative of -g**5/30 + g**4/6 - g**3/6 - g**2. Let w = -17 + 21. Suppose -x + 0*j = -3*j, 0 = w*x + 3*j - 15. Determine f(x).
-7
Let n(r) = -19*r**3 - 23*r**2 - 73*r + 1. Let a(l) = 8*l**3 + 9*l**2 + 30*l - 1. Let q(m) = -12*a(m) - 5*n(m). Determine q(8).
-17
Let w(t) = 4*t - 3. Let p(m) = 3*m - 2. Let v(n) = 3*p(n) - 2*w(n). Suppose -4100 = -5*j + 5*x, -10*j + 5*x - 4060 = -15*j. Let d = j + -815. What is v(d)?
1
Let x = -847 + 1517. Let g = x - 665. Let a(s) = s**2 - 8*s + 2. Determine a(g).
-13
Let n(p) be the first derivative of 3*p**4 - p**3/3 + p**2 - p + 1. Let g be ((-26)/6*3)/(-1) - 3. Suppose 3*k + 11 = -h, -h + 11*k = g*k - 5. Determine n(h).
12
Let g = 974 + -972. Let l(n) = 27*n**2 + 2*n + 1. Let w be l(-1). Let m(k) = 28 - w + 3*k - 3*k**2 + 0*k**g + 6*k**2. Determine m(-2).
8
Let m be 1/((-2 + -1)/(-15)). Suppose m*r - 7 = 3. Let o(a) = -6 + 11*a - a**2 - 16*a + r*a**2. What is o(5)?
-6
Let n(v) = v**2 + 210*v + 10979. Let r be n(-112). Let h(c) = -1 - 5 + 1 + 1 + c. Give h(r).
-1
Let p(w) = -w**3 + 6*w**2 - 2*w - 5. Suppose 11 = 2*r - i, -2*r + 4*i + 29 = 3*r. Let v = r + -38. Let m = v + 38. Calculate p(m).
10
Let g(o) = -o**3 - 2*o**2 + 6*o - 1. Let a = -33 - -28. Let u be g(a). Suppose 0 = -4*c - u + 36. Let r(d) = -d**3 + d**2 - 2. Give r(c).
10
Let s(y) = y**2 - y - 1. Let z(q) = q + 2. Let r(v) = 2*s(v) + 3*z(v). Let u = -34992 - -34989. Give r(u).
19
Let u be ((-5)/(-3) - 1)*(-600)/400. Let c(r) = 5*r**3 + 3*r**2 - 7*r + 3. Let b(g) = 3*g**3 + g**2 - 3*g + 1. Let x(w) = -5*b(w) + 2*c(w). What is x(u)?
6
Let l(q) = -2*q**3 - 4. Let z(h) = 11*h**3 - 2*h**2 + 25. Let u(n) = 5*l(n) + z(n). Give u(5).
80
Let s = -82 + 84. Let f(j) = -84 + s*j**2 - j**2 - j + 80. Calculate f(4).
8
Let h(u) = 3*u**3 - u**2 + 2*u. Let k = 319 - 305. Let n be (1 + (-3)/(-1))/(k - 12). Calculate h(n).
24
Let w = 179 + -178. Suppose 14*n + 4*q = 13*n + w, -4*n + 4 = -3*q. Let h(p) = 2*p**2. Calculate h(n).
2
Let f(k) = k + 26. Suppose 33*r + 543 = -117. Determine f(r).
6
Let d(a) be the second derivative of a**3/6 - 5*a**2/2 + 3104*a. Give d(7).
2
Let d(m) = -m**2 + 9*m + 7. Let g be (-4)/((-30)/15) - -6. Calculate d(g).
15
Let j be ((5 + -1)/(-4))/(1/(-2)). Let w(d) be the first derivative of 4*d + d**3 + d**2 + 14 - 2*d**2 - j*d - 2*d**3. What is w(-2)?
-6
Let k(s) = -682 + 4*s + 3*s**2 - s**2 + 1206 - 525. Suppose n + 3*q = -15, n + 3*q + 11 = q. What is k(n)?
5
Let n = -135 - -204. Let a = -68 + n. Let o be a*(-3 + 0 - -4). Let z(v) = 8*v**3 - 2*v**2 + 2*v - 1. Give z(o).
7
Let r(l) = l + 1. Let c be 4*(-14)/21*30/(-4). Let y be 16/(-40)*(-3)/((-6)/c). Calculate r(y).
-3
Let n(t) = -t**2 - 5*t - 20. Let i = -28318 + 28315. Calculate n(i).
-14
Let i(s) = 20*s - 3478. Let q be i(174). Let f(w) = -25*w**2 + 6*w - 3. What is f(q)?
-91
Let q(b) = -367*b**2 + 109*b + 777. Let i(m) = -102*m**2 + 31*m + 222. Let t(l) = -18*i(l) + 5*q(l). Determine t(-6).
3
Let i(k) be the second derivative of -k**5/20 - 11*k**4/12 - k**3 + 51*k**2/2 + 1059*k. Give i(-10).
11
Let g(r) = -2. Let u(l) = -l + 21. Let b(m) = -m + 22. Let k(z) = 3*b(z) - 4*u(z). Let o(c) = 24*g(c) - 3*k(c). Determine o(3).
-3
Let y(f) = 2*f + 2. Let s be 3/5 - 66/(-10)*-26. Let t = 169 + s. Determine y(t).
-2
Let l(x) = x**2 - 10*x - 22. Let r(t) = -t**2 - 6*t + 4. Let m be r(-4). Let b be l(m). Let s(w) = -20 - 20 + b*w + w**3 - 4*w + 43 + 3*w**2. Give s(-3).
9
Let x(i) = -3*i + 4. Let s(t) = 2*t + 1. Let b(a) = 1. Let w(p) = 4*b(p) - s(p). Let k(d) = -10*w(d) + 6*x(d). Calculate k(7).
8
Let z(s) = s - 15. Let w = 281 + -279. Suppose f = -34*y + 39*y + 25, w*f - 2 = -2*y. What is z(f)?
-10
Let c(j) = 13*j**2 + 277*j + 54. Let h(n) = -2*n**2 + 2*n + 4. Let a(y) = -c(y) - 2*h(y). Calculate a(-31).
0
Let i(h) = -9*h. Let q be -10 - -10 - -7 - 7. What is i(q)?
0
Let h(g) = -g**2 + 21*g - 80. Let r(p) = 49*p + 848. Let q be r(-17). What is h(q)?
10
Let n(g) = 10869*g - 86942. Let a be n(8). Let l(h) = 10*h - 17. Let t(b) = 7*b - 11. Let v(d) = -5*l(d) + 7*t(d). Calculate v(a).
-2
Let m(r) = -r**3 + 13*r**2 + 11*r - 17. Let s(j) be the second derivative of -j**4/12 + j**3/6 + 2*j + 1. Let h(v) = -m(v) - 2*s(v). Give h(12).
5
Let t(s) be the first derivative of s**4/4 + 13*s**3/3 + 10*s**2 - 8*s + 821. Calculate t(-11).
14
Let q(x) = -3*x - 3764 + 9*x + 3762 + 6*x - 8*x**2 - 3*x - 11*x. Let f be -2 + 1*(0 - -1). What is q(f)?
-8
Let h(c) be the third derivative of -c**6/24 - c**5/60 + 1115*c**2 - 2*c. Let w(v) = v - 5. Let o be w(4). Calculate h(o).
4
Let t(c) = 874 + 10*c + 879 - 1753. Let h be (4/(-12))/(1/(-3)). What is t(h)?
10
Let i(j) be the first derivative of -3*j**4/4 + 3*j**3 - j**2 + 13*j + 71. Let o(d) = -2*d**3 + 5*d**2 - d + 7. Let l(t) = -3*i(t) + 5*o(t). Give l(-3).
2
Suppose -p - 22 - 36 = 0. Let j = p - -52. Let x(q) = q**3 + q - 7*q + 5*q**2 + 40 - 36. What is x(j)?
4
Let i(x) be the third derivative of x**6/120 + 7*x**5/60 + x**4/3 - 5*x**3/6 + x**2 + 87. Give i(-4).
11
Let f(p) be the second derivative of p**3 - 13*p**2/2 + 3*p - 4057. Suppose 3*j + 3*c = -c + 1, -2*c = -j + 7. Calculate f(j).
5
Let m(h) be the third derivative of 7*h**4/24 + 10*h**3 + 4552*h**2. What is m(-4)?
32
Let a(p) = -8*p - 7164 - 7171 - 7189 - 7184 + 28744. Give a(10).
-44
Let p(d) = 64*d**3 + 3*d**2 + 5*d + 3. Let b = 9587 - 9588. Give p(b).
-63
Let i(m) be the second derivative of -m**5/20 - 13*m**4/12 - 2*m**3 + 15*m**2 - m + 475. Calculate i(-12).
30
Let y(n) = -n**2 + 4*n - 6. Let p = 202 + -202. Let d be (p - -2) + -5 + 9. Give y(d).
-18
Let b(a) be the third derivative of a**6/120 + 7*a**5/60 + a**4/2 + 27*a**3/2 - 2*a**2 - 63. Give b(-7).
-3
Let f(l) = 6*l**3 - 11*l + 12. Let i be f(1). Suppose -6*k + 4 = -2*k. Let w(z) = 4*z**2 + k - 3*z**2 - 6*z + z. Determine w(i).
15
Suppose 0 = 269*g + 161*g + 4730. Let y(k) = -2*k - 4 - 1 - 2. Calcul